e tens digit of m(18)?
0
Suppose -25*r + 4*r - 42534 + 736248 = 0. What is the hundreds digit of r?
0
Suppose -2*f = 22*f - 3*f - 204855. What is the hundreds digit of f?
7
Let p(g) = 2*g**2 - 10 + 0*g**2 - 232*g + 219*g. What is the hundreds digit of p(15)?
2
Suppose -2*g = 3*x - 73, -4*g + 0*g + 123 = 5*x. Let w = 63 - x. What is the tens digit of w?
4
Let f be -1 + 4 + 0 + 5 + 55. Let n = -2 - 2. Let y = n + f. What is the units digit of y?
9
Suppose -21*u + 33*u + 9564 = 0. Let s = -561 - u. What is the units digit of s?
6
Let j(o) = 2*o**2 - 4*o - 7. Let s be (-290)/25 + (-3)/(-5). Let q = s - -5. What is the tens digit of j(q)?
8
What is the units digit of (1*21)/(12*(-5)/(-16740))?
9
Suppose 6 = 20*c - 17*c - 2*u, 0 = 5*u. Let x(i) = 163*i**2 - 14*i + 12. What is the units digit of x(c)?
6
Let f(d) be the first derivative of -127*d**2 - 64*d + 111. What is the thousands digit of f(-7)?
1
Let a = -49 + 51. Suppose -4*b + 2 = 3*j - 2*b, 2*b = 5*j + a. Suppose j = 3*v - 5*v + 234. What is the hundreds digit of v?
1
Suppose -281688 - 172808 = -8*b. What is the tens digit of b?
1
Let i = -37 - -99. Let n(v) = -i*v + 2 + 31*v + 32*v - 48*v**3 - v**2. What is the units digit of n(-1)?
8
Let c be (-13 - 5)*2/(-5 + -1). Suppose 0 = c*t + 71 - 29. What is the tens digit of 21/t - -5 - (0 + -53)?
5
Let r = -31 + 34. Let g = 7 - 1. What is the tens digit of ((-344)/g + 0)/((-1)/r)?
7
Let u(d) = -3*d + 45. Let w be u(14). Suppose w*q - 253 = -7. Suppose 7*a = 726 - q. What is the tens digit of a?
9
Let s be 9/21 - (-76)/(-14). Let g(i) = -253*i + 133. What is the hundreds digit of g(s)?
3
Suppose 8*r - 3*r + 3*i - 130916 = 0, 2*r + 3*i - 52361 = 0. What is the hundreds digit of r?
1
What is the tens digit of (-8)/(-10) + 96580665/1575 + 2/14?
2
Let i = -73 + 78. Suppose -9 - 16 = -i*v, v = -2*m + 1031. What is the tens digit of m?
1
Let a = 813 - -118. Suppose -23 = -3*h - 11. What is the units digit of a/h + 3/(-24)*-2?
3
Suppose 0 = -6*f + 8*f + 26. Let c(h) = 2*h + 27. Let r be c(f). What is the tens digit of ((-153)/(-15))/(r/5)?
5
Suppose -p - p + 58 = 5*b, -4*b + 53 = -5*p. Suppose 11*s + 617 = b*s. What is the tens digit of s?
1
Let c be (-6)/24 + (-12)/16. Let x be -1 + 36 + (2 - c). Let r = x + 37. What is the tens digit of r?
7
Suppose 18 = -3*a, 4*m - 5*a - 14453 = 1773. What is the thousands digit of m?
4
Let h(z) = -z**3 + 15*z**2 - 14*z. Let x be h(14). Let n(r) = -7*r + 1. Let v be n(x). What is the units digit of 0 - (v + -2) - (-13 - 64)?
8
Let j = -37473 - -77203. What is the ten thousands digit of j?
3
Let q(c) be the first derivative of 17*c**3/3 - 12*c**2 - 9*c - 24. Let g be q(-11). What is the hundreds digit of 2/6 + g/12?
1
Let h(r) = r**2 - 3*r + 7. Let v be h(2). Suppose 3*t + t = v*k + 207, 4*t = -3*k + 247. Suppose 0 = d - t - 62. What is the tens digit of d?
2
Let y(k) be the second derivative of -13*k**3/3 - 19*k**2 - k - 2. What is the units digit of y(-15)?
2
What is the tens digit of 25/(((-36)/1776)/(-3))?
0
Suppose 0 = -13*v - 63 + 24. Suppose -4*w - 8 = 4*i, -2*w + 7*w + 15 = 0. What is the units digit of (-3)/((-6)/(-4))*i - v?
1
Suppose 0 = -2*b - 0*b + 4*t + 22, 3*b - 4*t = 25. What is the hundreds digit of (2/(-8))/(b/(-4596))?
3
Suppose 8*d - 364 = 524. Suppose 13 = -y - 10. Let i = d + y. What is the units digit of i?
8
Let z = 3722 + 2274. What is the thousands digit of z?
5
Let j = -21072 - -30946. What is the hundreds digit of j?
8
Let t = -8 + 15. Let b(r) = -r**3 + 6*r**2 + 6*r - 3. Let h be b(t). Let j(z) = -z**3 - 11*z**2 - 11*z + 10. What is the tens digit of j(h)?
2
Let k = 257 - 165. Suppose 3207 = k*b - 89*b. What is the hundreds digit of b?
0
Let l(d) be the second derivative of -d**5/20 - 3*d**4/4 + 19*d**3/3 + 20*d**2 + 233*d. What is the hundreds digit of l(-15)?
8
Suppose -3*d + 3677 - 122 = 0. Suppose 6*c + 3*o = 2*c + 948, 5*c - 5*o = d. What is the tens digit of (-3*(-2)/9)/(1/c)?
5
Let r(s) = -1117*s**3 + 4*s + 210*s**3 + 1 + 2 - 173*s**3 + s**2. What is the tens digit of r(-1)?
8
Let y = 5919 + 10998. What is the units digit of y?
7
Suppose 4*a = a + 9. Suppose 1382 = 4*t - 5*m + 7*m, a*t = -3*m + 1029. Suppose -2*f - 2*f + t = 0. What is the units digit of f?
7
Let p = 1088 + 20316. What is the hundreds digit of p?
4
Suppose -2*w = 4*n + 282, w - 3*n + 175 = 54. Let b be 8/(1 + (-84)/87). Let o = b + w. What is the units digit of o?
9
Suppose 3*z - 7*z - 3*l - 2672 = 0, -4*z = -l + 2656. Let v = z - -980. What is the units digit of v?
5
Let o = -2433 + 8250. What is the hundreds digit of o?
8
Let v = 764 + 561. Let p = v - 819. What is the tens digit of p?
0
Let k(u) = -9*u - 62. Let q be k(-9). Suppose -4*f = -5*a + 4537, -18*f = -5*a - q*f + 4522. What is the tens digit of a?
0
Suppose 55283 + 612203 = 166*c. What is the units digit of c?
1
Suppose -2*k = 5*c - 59, 90 = 5*k + 3*c - 10. What is the tens digit of (((-10)/(-4))/(-5))/(k/(-3060))?
9
Let n(i) = i**2 - 556*i - 6. What is the tens digit of n(-38)?
6
Let y = -330 - -197. Let c = y - -246. Let p = -23 + c. What is the tens digit of p?
9
Suppose 21*m - 15*m = 61632. Suppose -m = -9*a - 7*a. What is the hundreds digit of a?
6
Let r(c) be the first derivative of c**3/3 - 3*c**2/2 - 3*c + 3. Let y be r(3). What is the units digit of 3 + 1 - (0 - y)?
1
Let i(v) = -8*v**3 + 8*v**2 + 79*v - 57. What is the hundreds digit of i(-8)?
9
Let k = -65 + -303. Let r = 706 + k. What is the hundreds digit of r?
3
Suppose -r = 3*r - 2*r - 11130. What is the units digit of r?
5
Suppose v = -0*v + 4. Let f(c) = -10*c - 10. Let s be f(-7). Suppose -y = b - 29, v*y - s = 2*y - 4*b. What is the tens digit of y?
2
Suppose 0 = -n + 2, 3*j = 6*j - 3*n - 7416. Let o = j + -1613. What is the tens digit of o?
6
Let z = -147 + -11. Let f = z + 194. What is the tens digit of f?
3
Suppose -2*p + 11375 = -q, -5*q = 2*p + 384 - 11765. Suppose 5*l + 4*j - 7131 = 0, 31*l + j + p = 35*l. What is the tens digit of l?
2
What is the hundreds digit of -9 + (-19)/((-57)/909)?
2
Let m(y) = -y**2 - 23*y + 3. Let u be m(-23). Let s(a) = 231*a - 30. What is the units digit of s(u)?
3
Let c be (-4)/6 - 1300/39. Let z = 38 + c. Suppose 3*w + 5*o = 30 + 180, 0 = -5*w + z*o + 387. What is the tens digit of w?
7
Suppose -3*t + 2*q + 0 + 2 = 0, 0 = t - 2*q - 6. Let s = 412 - 349. What is the units digit of ((-2)/t)/(3/s)?
1
Suppose 4*m - 33816 = -g, 2*m + 25*g - 27*g = 16918. What is the hundreds digit of m?
4
Suppose -a + 5*q = 119, -3*a + q - 111 = 260. Let g = 256 + a. What is the tens digit of g?
3
Let i = -1 + 6. Let v be 879*(-40)/(-24) - (6 - 1). Suppose 10*g - i*g = v. What is the tens digit of g?
9
Suppose 2*f + 384 = -5*o, -70 = o - f - 2*f. Let r = -1294 - -1108. Let d = o - r. What is the tens digit of d?
1
Let d(g) = -17*g + g**3 + 2769 - 1372 - 1381 - 9*g**2. Let o = -2 + 13. What is the tens digit of d(o)?
7
Let c = 783 + -73. Suppose -c = -7*l + 2*l + 2*g, 3*g - 159 = -l. What is the hundreds digit of l?
1
Let v(k) = 2*k**3 + 2*k**2 + 8*k + 4815. What is the tens digit of v(0)?
1
Suppose 272*s - 1221276 = 4*s. What is the thousands digit of s?
4
Suppose 3*c + c - 4*r + 4 = 0, -5*c - 5 = 4*r. What is the units digit of 175 + 10/5 - c?
8
Suppose -15*o + 9254 = 1574. Let c = -297 + o. What is the units digit of c?
5
Let k = 156 + -158. What is the tens digit of (6/(-4) - k)*134?
6
Let f(i) = i**2 - 12*i - 25. Let d be f(16). Let r = 414 - d. What is the hundreds digit of r?
3
Let x = 559 - 561. What is the units digit of (x - 4)*1*-39?
4
Suppose 0 = 3*a - 2*u - 1166, 0*u = -4*a - 2*u + 1550. Suppose 2 = 3*o - a. What is the units digit of o?
0
Suppose y + 10 = 2*w, -2*y - 2*y + w = 5. Suppose -5*z + 659 - 214 = y. Let v = -15 + z. What is the tens digit of v?
7
Let y = -5109 + 7365. Suppose 3574 = 10*m - y. What is the units digit of m?
3
Let d be 3/4 - 531/(-12). Let y be 75*((-40)/(-12) - 3). Suppose -y*w + 20*w = -d. What is the units digit of w?
9
Suppose -5*z = -z - 12, 13 = 2*x + z. Suppose 4*r + 5*n - 6*n = 1185, -4*n + 1476 = x*r. What is the tens digit of r?
9
Let b = -366 + 429. What is the hundreds digit of (-6543)/(-21) - 6/b*6?
3
Suppose 8 = -6*n + 20. Suppose 4*f = -n*y + 704, -y + f = 4*f - 350. What is the units digit of y?
6
Let a = -652 - -90